{"id":322,"date":"2024-04-22T06:52:03","date_gmt":"2024-04-22T06:52:03","guid":{"rendered":"https:\/\/gswest.schule.neu-ulm.de\/wordpress\/?page_id=322"},"modified":"2025-05-27T14:26:54","modified_gmt":"2025-05-27T14:26:54","slug":"foerderverein","status":"publish","type":"page","link":"https:\/\/gswest.schule.neu-ulm.de\/wordpress\/?page_id=322","title":{"rendered":"F\u00f6rderverein"},"content":{"rendered":"\n<p>Der Zweck des F\u00f6rdervereins der Grundschule Neu-Ulm in der Weststadt e. V. ist die ideelle und materielle F\u00f6rderung der Schule.<\/p>\n\n\n\n<p>Die Zusammenarbeit zwischen Schule, Eltern und Freunden der Schule soll durch kulturelle, informative und sportliche Veranstaltungen unterst\u00fctzt werden (z. B. alle vier Jahre der Trommelzauber).<\/p>\n\n\n\n<p>Au\u00dferdem k\u00f6nnen mit Hilfe von Zusch\u00fcssen des F\u00f6rdervereins Anschaffungen der Schule, die mit regul\u00e4ren Mitteln nicht oder nicht ausreichend finanzierbar sind, m\u00f6glich gemacht werden.<\/p>\n\n\n\n<p>Der F\u00f6rderverein bietet zudem finanzielle Unterst\u00fctzung sonstiger schulischer Zwecke (z. B. Ausfl\u00fcge, Projekte), um f\u00fcr alle Kinder gleiche Chancen zu schaffen.<\/p>\n\n\n\n<p>Geld wollen wir \u00fcber Mitgliedsbeitr\u00e4ge und Spenden einsammeln. Deshalb unsere Bitte:<\/p>\n\n\n\n<p><strong>Werden Sie f\u00fcr 15,- \u20ac im Jahr Mitglied im F\u00f6rderverein. Es kommt auch Ihrem Kind zu Gute.<\/strong><\/p>\n\n\n\n<div data-wp-interactive=\"core\/file\" class=\"wp-block-file\"><object data-wp-bind--hidden=\"!state.hasPdfPreview\" hidden class=\"wp-block-file__embed\" data=\"https:\/\/gswest.schule.neu-ulm.de\/wordpress\/wp-content\/uploads\/2024\/04\/Antrag-Foerderverein.pdf\" type=\"application\/pdf\" style=\"width:100%;height:200px\" aria-label=\"Einbettung von Antrag-Foerderverein.\"><\/object><a id=\"wp-block-file--media-9d3f60bf-61e4-4129-9ec6-a3cbd09d26f3\" href=\"https:\/\/gswest.schule.neu-ulm.de\/wordpress\/wp-content\/uploads\/2024\/04\/Antrag-Foerderverein.pdf\">Antrag-Foerderverein<\/a><a href=\"https:\/\/gswest.schule.neu-ulm.de\/wordpress\/wp-content\/uploads\/2024\/04\/Antrag-Foerderverein.pdf\" class=\"wp-block-file__button wp-element-button\" download aria-describedby=\"wp-block-file--media-9d3f60bf-61e4-4129-9ec6-a3cbd09d26f3\">Herunterladen<\/a><\/div>\n\n\n\n<p><\/p>\n\n\n\n<ol start=\"1\" class=\"wp-block-list\">\n<li><strong>Vorstand<\/strong><\/li>\n<\/ol>\n\n\n\n<p>Florin Bledea (1b)\u00a0\u00a0\u00a0\u00a0\u00a0\u00a0 florin.bledea@protonmail.com<\/p>\n\n\n\n<ol start=\"2\" class=\"wp-block-list\">\n<li><strong>Vorstand<\/strong><\/li>\n<\/ol>\n\n\n\n<p>Katrin Tetzlaff (2b)&nbsp;&nbsp;&nbsp;&nbsp;&nbsp; k_tetzlaff@gmx.de<\/p>\n\n\n\n<ol start=\"3\" class=\"wp-block-list\">\n<li><strong>Schriftf\u00fchrer<\/strong><\/li>\n<\/ol>\n\n\n\n<p>Markus Koch (2b)<\/p>\n\n\n\n<ol start=\"4\" class=\"wp-block-list\">\n<li><strong>Kassenwart<\/strong><\/li>\n<\/ol>\n\n\n\n<p>Daniel Poidinger &nbsp;&nbsp;&nbsp;&nbsp;&nbsp;&nbsp;&nbsp; daniel-poidinger@web.de<\/p>\n","protected":false},"excerpt":{"rendered":"<p>Der Zweck des F\u00f6rdervereins der Grundschule Neu-Ulm in der Weststadt e. V. ist die ideelle und materielle F\u00f6rderung der Schule. Die Zusammenarbeit zwischen Schule, Eltern und Freunden der Schule soll durch kulturelle, informative und sportliche Veranstaltungen unterst\u00fctzt werden (z. B. alle vier Jahre der Trommelzauber). Au\u00dferdem k\u00f6nnen mit Hilfe von Zusch\u00fcssen des F\u00f6rdervereins Anschaffungen der&hellip; <a class=\"more-link\" href=\"https:\/\/gswest.schule.neu-ulm.de\/wordpress\/?page_id=322\"><span class=\"screen-reader-text\">F\u00f6rderverein<\/span> weiterlesen<\/a><\/p>\n","protected":false},"author":1,"featured_media":0,"parent":0,"menu_order":0,"comment_status":"closed","ping_status":"closed","template":"","meta":{"footnotes":""},"class_list":["post-322","page","type-page","status-publish","hentry","entry"],"yoast_head":"<!-- This site is optimized with the Yoast SEO plugin v27.4 - https:\/\/yoast.com\/product\/yoast-seo-wordpress\/ -->\n<title>F\u00f6rderverein - Grundschule Neu-Ulm Weststadt<\/title>\n<meta name=\"robots\" content=\"index, follow, max-snippet:-1, max-image-preview:large, max-video-preview:-1\" \/>\n<link rel=\"canonical\" href=\"https:\/\/gswest.schule.neu-ulm.de\/wordpress\/?page_id=322\" \/>\n<meta property=\"og:locale\" content=\"de_DE\" \/>\n<meta property=\"og:type\" content=\"article\" \/>\n<meta property=\"og:title\" content=\"F\u00f6rderverein - Grundschule Neu-Ulm Weststadt\" \/>\n<meta property=\"og:description\" content=\"Der Zweck des F\u00f6rdervereins der Grundschule Neu-Ulm in der Weststadt e. V. ist die ideelle und materielle F\u00f6rderung der Schule. Die Zusammenarbeit zwischen Schule, Eltern und Freunden der Schule soll durch kulturelle, informative und sportliche Veranstaltungen unterst\u00fctzt werden (z. B. alle vier Jahre der Trommelzauber). Au\u00dferdem k\u00f6nnen mit Hilfe von Zusch\u00fcssen des F\u00f6rdervereins Anschaffungen der&hellip; F\u00f6rderverein weiterlesen\" \/>\n<meta property=\"og:url\" content=\"https:\/\/gswest.schule.neu-ulm.de\/wordpress\/?page_id=322\" \/>\n<meta property=\"og:site_name\" content=\"Grundschule Neu-Ulm Weststadt\" \/>\n<meta property=\"article:modified_time\" content=\"2025-05-27T14:26:54+00:00\" \/>\n<meta name=\"twitter:card\" content=\"summary_large_image\" \/>\n<meta name=\"twitter:label1\" content=\"Gesch\u00e4tzte Lesezeit\" \/>\n\t<meta name=\"twitter:data1\" content=\"1\u00a0Minute\" \/>\n<script type=\"application\/ld+json\" class=\"yoast-schema-graph\">{\"@context\":\"https:\\\/\\\/schema.org\",\"@graph\":[{\"@type\":\"WebPage\",\"@id\":\"https:\\\/\\\/gswest.schule.neu-ulm.de\\\/wordpress\\\/?page_id=322\",\"url\":\"https:\\\/\\\/gswest.schule.neu-ulm.de\\\/wordpress\\\/?page_id=322\",\"name\":\"F\u00f6rderverein - Grundschule Neu-Ulm Weststadt\",\"isPartOf\":{\"@id\":\"https:\\\/\\\/gswest.schule.neu-ulm.de\\\/wordpress\\\/#website\"},\"datePublished\":\"2024-04-22T06:52:03+00:00\",\"dateModified\":\"2025-05-27T14:26:54+00:00\",\"breadcrumb\":{\"@id\":\"https:\\\/\\\/gswest.schule.neu-ulm.de\\\/wordpress\\\/?page_id=322#breadcrumb\"},\"inLanguage\":\"de\",\"potentialAction\":[{\"@type\":\"ReadAction\",\"target\":[\"https:\\\/\\\/gswest.schule.neu-ulm.de\\\/wordpress\\\/?page_id=322\"]}]},{\"@type\":\"BreadcrumbList\",\"@id\":\"https:\\\/\\\/gswest.schule.neu-ulm.de\\\/wordpress\\\/?page_id=322#breadcrumb\",\"itemListElement\":[{\"@type\":\"ListItem\",\"position\":1,\"name\":\"Startseite\",\"item\":\"https:\\\/\\\/gswest.schule.neu-ulm.de\\\/wordpress\\\/\"},{\"@type\":\"ListItem\",\"position\":2,\"name\":\"F\u00f6rderverein\"}]},{\"@type\":\"WebSite\",\"@id\":\"https:\\\/\\\/gswest.schule.neu-ulm.de\\\/wordpress\\\/#website\",\"url\":\"https:\\\/\\\/gswest.schule.neu-ulm.de\\\/wordpress\\\/\",\"name\":\"Grundschule Neu-Ulm Weststadt\",\"description\":\"\",\"potentialAction\":[{\"@type\":\"SearchAction\",\"target\":{\"@type\":\"EntryPoint\",\"urlTemplate\":\"https:\\\/\\\/gswest.schule.neu-ulm.de\\\/wordpress\\\/?s={search_term_string}\"},\"query-input\":{\"@type\":\"PropertyValueSpecification\",\"valueRequired\":true,\"valueName\":\"search_term_string\"}}],\"inLanguage\":\"de\"}]}<\/script>\n<!-- \/ Yoast SEO plugin. -->","yoast_head_json":{"title":"F\u00f6rderverein - Grundschule Neu-Ulm Weststadt","robots":{"index":"index","follow":"follow","max-snippet":"max-snippet:-1","max-image-preview":"max-image-preview:large","max-video-preview":"max-video-preview:-1"},"canonical":"https:\/\/gswest.schule.neu-ulm.de\/wordpress\/?page_id=322","og_locale":"de_DE","og_type":"article","og_title":"F\u00f6rderverein - Grundschule Neu-Ulm Weststadt","og_description":"Der Zweck des F\u00f6rdervereins der Grundschule Neu-Ulm in der Weststadt e. V. ist die ideelle und materielle F\u00f6rderung der Schule. Die Zusammenarbeit zwischen Schule, Eltern und Freunden der Schule soll durch kulturelle, informative und sportliche Veranstaltungen unterst\u00fctzt werden (z. B. alle vier Jahre der Trommelzauber). Au\u00dferdem k\u00f6nnen mit Hilfe von Zusch\u00fcssen des F\u00f6rdervereins Anschaffungen der&hellip; F\u00f6rderverein weiterlesen","og_url":"https:\/\/gswest.schule.neu-ulm.de\/wordpress\/?page_id=322","og_site_name":"Grundschule Neu-Ulm Weststadt","article_modified_time":"2025-05-27T14:26:54+00:00","twitter_card":"summary_large_image","twitter_misc":{"Gesch\u00e4tzte Lesezeit":"1\u00a0Minute"},"schema":{"@context":"https:\/\/schema.org","@graph":[{"@type":"WebPage","@id":"https:\/\/gswest.schule.neu-ulm.de\/wordpress\/?page_id=322","url":"https:\/\/gswest.schule.neu-ulm.de\/wordpress\/?page_id=322","name":"F\u00f6rderverein - Grundschule Neu-Ulm Weststadt","isPartOf":{"@id":"https:\/\/gswest.schule.neu-ulm.de\/wordpress\/#website"},"datePublished":"2024-04-22T06:52:03+00:00","dateModified":"2025-05-27T14:26:54+00:00","breadcrumb":{"@id":"https:\/\/gswest.schule.neu-ulm.de\/wordpress\/?page_id=322#breadcrumb"},"inLanguage":"de","potentialAction":[{"@type":"ReadAction","target":["https:\/\/gswest.schule.neu-ulm.de\/wordpress\/?page_id=322"]}]},{"@type":"BreadcrumbList","@id":"https:\/\/gswest.schule.neu-ulm.de\/wordpress\/?page_id=322#breadcrumb","itemListElement":[{"@type":"ListItem","position":1,"name":"Startseite","item":"https:\/\/gswest.schule.neu-ulm.de\/wordpress\/"},{"@type":"ListItem","position":2,"name":"F\u00f6rderverein"}]},{"@type":"WebSite","@id":"https:\/\/gswest.schule.neu-ulm.de\/wordpress\/#website","url":"https:\/\/gswest.schule.neu-ulm.de\/wordpress\/","name":"Grundschule Neu-Ulm Weststadt","description":"","potentialAction":[{"@type":"SearchAction","target":{"@type":"EntryPoint","urlTemplate":"https:\/\/gswest.schule.neu-ulm.de\/wordpress\/?s={search_term_string}"},"query-input":{"@type":"PropertyValueSpecification","valueRequired":true,"valueName":"search_term_string"}}],"inLanguage":"de"}]}},"_links":{"self":[{"href":"https:\/\/gswest.schule.neu-ulm.de\/wordpress\/index.php?rest_route=\/wp\/v2\/pages\/322","targetHints":{"allow":["GET"]}}],"collection":[{"href":"https:\/\/gswest.schule.neu-ulm.de\/wordpress\/index.php?rest_route=\/wp\/v2\/pages"}],"about":[{"href":"https:\/\/gswest.schule.neu-ulm.de\/wordpress\/index.php?rest_route=\/wp\/v2\/types\/page"}],"author":[{"embeddable":true,"href":"https:\/\/gswest.schule.neu-ulm.de\/wordpress\/index.php?rest_route=\/wp\/v2\/users\/1"}],"replies":[{"embeddable":true,"href":"https:\/\/gswest.schule.neu-ulm.de\/wordpress\/index.php?rest_route=%2Fwp%2Fv2%2Fcomments&post=322"}],"version-history":[{"count":3,"href":"https:\/\/gswest.schule.neu-ulm.de\/wordpress\/index.php?rest_route=\/wp\/v2\/pages\/322\/revisions"}],"predecessor-version":[{"id":551,"href":"https:\/\/gswest.schule.neu-ulm.de\/wordpress\/index.php?rest_route=\/wp\/v2\/pages\/322\/revisions\/551"}],"wp:attachment":[{"href":"https:\/\/gswest.schule.neu-ulm.de\/wordpress\/index.php?rest_route=%2Fwp%2Fv2%2Fmedia&parent=322"}],"curies":[{"name":"wp","href":"https:\/\/api.w.org\/{rel}","templated":true}]}}

Förderverein

<p>Der Zweck des Fördervereins der Grundschule Neu-Ulm in der Weststadt e. V. ist die ideelle und materielle Förderung der Schule.</p>



<p>Die Zusammenarbeit zwischen Schule, Eltern und Freunden der Schule soll durch kulturelle, informative und sportliche Veranstaltungen unterstützt werden (z. B. alle vier Jahre der Trommelzauber).</p>



<p>Außerdem können mit Hilfe von Zuschüssen des Fördervereins Anschaffungen der Schule, die mit regulären Mitteln nicht oder nicht ausreichend finanzierbar sind, möglich gemacht werden.</p>



<p>Der Förderverein bietet zudem finanzielle Unterstützung sonstiger schulischer Zwecke (z. B. Ausflüge, Projekte), um für alle Kinder gleiche Chancen zu schaffen.</p>



<p>Geld wollen wir über Mitgliedsbeiträge und Spenden einsammeln. Deshalb unsere Bitte:</p>



<p><strong>Werden Sie für 15,- € im Jahr Mitglied im Förderverein. Es kommt auch Ihrem Kind zu Gute.</strong></p>



<div data-wp-interactive="core/file" class="wp-block-file"><object data-wp-bind--hidden="!state.hasPdfPreview" hidden class="wp-block-file__embed" data="https://gswest.schule.neu-ulm.de/wordpress/wp-content/uploads/2024/04/Antrag-Foerderverein.pdf" type="application/pdf" style="width:100%;height:200px" aria-label="Einbettung von Antrag-Foerderverein."></object><a id="wp-block-file--media-9d3f60bf-61e4-4129-9ec6-a3cbd09d26f3" href="https://gswest.schule.neu-ulm.de/wordpress/wp-content/uploads/2024/04/Antrag-Foerderverein.pdf">Antrag-Foerderverein</a><a href="https://gswest.schule.neu-ulm.de/wordpress/wp-content/uploads/2024/04/Antrag-Foerderverein.pdf" class="wp-block-file__button wp-element-button" download aria-describedby="wp-block-file--media-9d3f60bf-61e4-4129-9ec6-a3cbd09d26f3">Herunterladen</a></div>



<p></p>



<ol start="1" class="wp-block-list">
<li><strong>Vorstand</strong></li>
</ol>



<p>Florin Bledea (1b)       florin.bledea@protonmail.com</p>



<ol start="2" class="wp-block-list">
<li><strong>Vorstand</strong></li>
</ol>



<p>Katrin Tetzlaff (2b)&nbsp;&nbsp;&nbsp;&nbsp;&nbsp; k_tetzlaff@gmx.de</p>



<ol start="3" class="wp-block-list">
<li><strong>Schriftführer</strong></li>
</ol>



<p>Markus Koch (2b)</p>



<ol start="4" class="wp-block-list">
<li><strong>Kassenwart</strong></li>
</ol>



<p>Daniel Poidinger &nbsp;&nbsp;&nbsp;&nbsp;&nbsp;&nbsp;&nbsp; daniel-poidinger@web.de</p>

<p>Der Zweck des Fördervereins der Grundschule Neu-Ulm in der Weststadt e. V. ist die ideelle und materielle Förderung der Schule. Die Zusammenarbeit zwischen Schule, Eltern und Freunden der Schule soll durch kulturelle, informative und sportliche Veranstaltungen unterstützt werden (z. B. alle vier Jahre der Trommelzauber). Außerdem können mit Hilfe von Zuschüssen des Fördervereins Anschaffungen der&hellip; <a class="more-link" href="https://gswest.schule.neu-ulm.de/wordpress/?page_id=322"><span class="screen-reader-text">Förderverein</span> weiterlesen</a></p>

<!-- This site is optimized with the Yoast SEO plugin v27.4 - https://yoast.com/product/yoast-seo-wordpress/ -->
<title>Förderverein - Grundschule Neu-Ulm Weststadt</title>
<meta name="robots" content="index, follow, max-snippet:-1, max-image-preview:large, max-video-preview:-1" />
<link rel="canonical" href="https://gswest.schule.neu-ulm.de/wordpress/?page_id=322" />
<meta property="og:locale" content="de_DE" />
<meta property="og:type" content="article" />
<meta property="og:title" content="Förderverein - Grundschule Neu-Ulm Weststadt" />
<meta property="og:description" content="Der Zweck des Fördervereins der Grundschule Neu-Ulm in der Weststadt e. V. ist die ideelle und materielle Förderung der Schule. Die Zusammenarbeit zwischen Schule, Eltern und Freunden der Schule soll durch kulturelle, informative und sportliche Veranstaltungen unterstützt werden (z. B. alle vier Jahre der Trommelzauber). Außerdem können mit Hilfe von Zuschüssen des Fördervereins Anschaffungen der&hellip; Förderverein weiterlesen" />
<meta property="og:url" content="https://gswest.schule.neu-ulm.de/wordpress/?page_id=322" />
<meta property="og:site_name" content="Grundschule Neu-Ulm Weststadt" />
<meta property="article:modified_time" content="2025-05-27T14:26:54+00:00" />
<meta name="twitter:card" content="summary_large_image" />
<meta name="twitter:label1" content="Geschätzte Lesezeit" />
	<meta name="twitter:data1" content="1 Minute" />
<script type="application/ld+json" class="yoast-schema-graph">{"@context":"https:\/\/schema.org","@graph":[{"@type":"WebPage","@id":"https:\/\/gswest.schule.neu-ulm.de\/wordpress\/?page_id=322","url":"https:\/\/gswest.schule.neu-ulm.de\/wordpress\/?page_id=322","name":"Förderverein - Grundschule Neu-Ulm Weststadt","isPartOf":{"@id":"https:\/\/gswest.schule.neu-ulm.de\/wordpress\/#website"},"datePublished":"2024-04-22T06:52:03+00:00","dateModified":"2025-05-27T14:26:54+00:00","breadcrumb":{"@id":"https:\/\/gswest.schule.neu-ulm.de\/wordpress\/?page_id=322#breadcrumb"},"inLanguage":"de","potentialAction":[{"@type":"ReadAction","target":["https:\/\/gswest.schule.neu-ulm.de\/wordpress\/?page_id=322"]}]},{"@type":"BreadcrumbList","@id":"https:\/\/gswest.schule.neu-ulm.de\/wordpress\/?page_id=322#breadcrumb","itemListElement":[{"@type":"ListItem","position":1,"name":"Startseite","item":"https:\/\/gswest.schule.neu-ulm.de\/wordpress\/"},{"@type":"ListItem","position":2,"name":"Förderverein"}]},{"@type":"WebSite","@id":"https:\/\/gswest.schule.neu-ulm.de\/wordpress\/#website","url":"https:\/\/gswest.schule.neu-ulm.de\/wordpress\/","name":"Grundschule Neu-Ulm Weststadt","description":"","potentialAction":[{"@type":"SearchAction","target":{"@type":"EntryPoint","urlTemplate":"https:\/\/gswest.schule.neu-ulm.de\/wordpress\/?s={search_term_string}"},"query-input":{"@type":"PropertyValueSpecification","valueRequired":true,"valueName":"search_term_string"}}],"inLanguage":"de"}]}</script>
<!-- / Yoast SEO plugin. -->

Förderverein - Grundschule Neu-Ulm Weststadt

Der Zweck des Fördervereins der Grundschule Neu-Ulm in der Weststadt e. V. ist die ideelle und materielle Förderung der Schule. Die Zusammenarbeit zwischen Schule, Eltern und Freunden der Schule soll durch kulturelle, informative und sportliche Veranstaltungen unterstützt werden (z. B. alle vier Jahre der Trommelzauber). Außerdem können mit Hilfe von Zuschüssen des Fördervereins Anschaffungen der&hellip; Förderverein weiterlesen
